{"id":698,"date":"2024-11-26T15:39:47","date_gmt":"2024-11-26T14:39:47","guid":{"rendered":"https:\/\/www.educ-montessori.com\/?page_id=698"},"modified":"2025-08-18T22:00:58","modified_gmt":"2025-08-18T20:00:58","slug":"calcul","status":"publish","type":"page","link":"https:\/\/www.educ-montessori.com\/index.php\/calcul\/","title":{"rendered":"Calcul doc"},"content":{"rendered":"\n<figure class=\"wp-block-image size-large\"><a href=\"https:\/\/www.educ-montessori.com\/index.php\/mathematiques-2\/\"><img loading=\"lazy\" decoding=\"async\" width=\"1024\" height=\"181\" src=\"http:\/\/www.educ-montessori.com\/wp-content\/uploads\/2024\/11\/banniere-site-2-1024x181.jpg\" alt=\"\" class=\"wp-image-198\" srcset=\"https:\/\/www.educ-montessori.com\/wp-content\/uploads\/2024\/11\/banniere-site-2-1024x181.jpg 1024w, https:\/\/www.educ-montessori.com\/wp-content\/uploads\/2024\/11\/banniere-site-2-300x53.jpg 300w, https:\/\/www.educ-montessori.com\/wp-content\/uploads\/2024\/11\/banniere-site-2-768x135.jpg 768w, https:\/\/www.educ-montessori.com\/wp-content\/uploads\/2024\/11\/banniere-site-2.jpg 1100w\" sizes=\"auto, (max-width: 1024px) 100vw, 1024px\" \/><\/a><\/figure>\n\n\n\n<h2 class=\"wp-block-heading\"><strong>Cartes \u00e0 pince CALCUL niveau 2<\/strong><\/h2>\n\n\n\n<div class=\"wp-block-file\"><a id=\"wp-block-file--media-87a65256-9dc7-4a5b-8fdc-19d61af07c56\" href=\"http:\/\/www.educ-montessori.com\/wp-content\/uploads\/2024\/11\/CAP-CALCUL-niveau-2-INF20-montessori_publique_cycle2-1.pdf\" target=\"_blank\" rel=\"noreferrer noopener\">CAP CALCUL niveau 2 INF20 montessori_publique_cycle2<\/a><\/div>\n\n\n\n<div class=\"wp-block-file\"><a id=\"wp-block-file--media-76e717c7-6e8f-4bdd-88ed-063b0e8cc7d7\" href=\"http:\/\/www.educ-montessori.com\/wp-content\/uploads\/2024\/11\/CAP-CALCUL-niveau-2-TITRE-montessori_publique_cycle2-1.pdf\" target=\"_blank\" rel=\"noreferrer noopener\">CAP CALCUL niveau 2 TITRE montessori_publique_cycle2<\/a><\/div>\n\n\n\n<div class=\"wp-block-buttons is-layout-flex wp-block-buttons-is-layout-flex\">\n<div class=\"wp-block-button has-custom-width wp-block-button__width-50\"><a class=\"wp-block-button__link wp-element-button\" href=\"http:\/\/www.educ-montessori.com\/wp-content\/uploads\/2024\/11\/CAP-CALCUL-niveau-2-INF20-montessori_publique_cycle2-1.pdf\">pdf<\/a><\/div>\n\n\n\n<div class=\"wp-block-button has-custom-width wp-block-button__width-50\"><a class=\"wp-block-button__link has-vivid-red-background-color has-background wp-element-button\" href=\"http:\/\/www.educ-montessori.com\/wp-content\/uploads\/2024\/11\/CAP-CALCUL-niveau-2-TITRE-montessori_publique_cycle2-1.pdf\">pdf<\/a><\/div>\n<\/div>\n\n\n\n<figure class=\"wp-block-gallery has-nested-images columns-default is-cropped wp-block-gallery-1 is-layout-flex wp-block-gallery-is-layout-flex\">\n<figure class=\"wp-block-image size-large\"><img loading=\"lazy\" decoding=\"async\" width=\"1024\" height=\"724\" data-id=\"760\" src=\"https:\/\/www.educ-montessori.com\/wp-content\/uploads\/2024\/11\/CAP-addtitions-soustractions_nombres_0_20-1024x724.jpg\" alt=\"\" class=\"wp-image-760\" srcset=\"https:\/\/www.educ-montessori.com\/wp-content\/uploads\/2024\/11\/CAP-addtitions-soustractions_nombres_0_20-1024x724.jpg 1024w, https:\/\/www.educ-montessori.com\/wp-content\/uploads\/2024\/11\/CAP-addtitions-soustractions_nombres_0_20-300x212.jpg 300w, https:\/\/www.educ-montessori.com\/wp-content\/uploads\/2024\/11\/CAP-addtitions-soustractions_nombres_0_20-768x543.jpg 768w, https:\/\/www.educ-montessori.com\/wp-content\/uploads\/2024\/11\/CAP-addtitions-soustractions_nombres_0_20-1536x1086.jpg 1536w, https:\/\/www.educ-montessori.com\/wp-content\/uploads\/2024\/11\/CAP-addtitions-soustractions_nombres_0_20-2048x1448.jpg 2048w\" sizes=\"auto, (max-width: 1024px) 100vw, 1024px\" \/><\/figure>\n\n\n\n<figure class=\"wp-block-image size-large\"><img loading=\"lazy\" decoding=\"async\" width=\"1024\" height=\"724\" data-id=\"761\" src=\"https:\/\/www.educ-montessori.com\/wp-content\/uploads\/2024\/11\/CAP-addtitions-soustractions_nombres_0_20_09-1024x724.jpg\" alt=\"\" class=\"wp-image-761\" srcset=\"https:\/\/www.educ-montessori.com\/wp-content\/uploads\/2024\/11\/CAP-addtitions-soustractions_nombres_0_20_09-1024x724.jpg 1024w, https:\/\/www.educ-montessori.com\/wp-content\/uploads\/2024\/11\/CAP-addtitions-soustractions_nombres_0_20_09-300x212.jpg 300w, https:\/\/www.educ-montessori.com\/wp-content\/uploads\/2024\/11\/CAP-addtitions-soustractions_nombres_0_20_09-768x543.jpg 768w, https:\/\/www.educ-montessori.com\/wp-content\/uploads\/2024\/11\/CAP-addtitions-soustractions_nombres_0_20_09-1536x1086.jpg 1536w, https:\/\/www.educ-montessori.com\/wp-content\/uploads\/2024\/11\/CAP-addtitions-soustractions_nombres_0_20_09-2048x1448.jpg 2048w\" sizes=\"auto, (max-width: 1024px) 100vw, 1024px\" \/><\/figure>\n<\/figure>\n\n\n\n<figure class=\"wp-block-image size-large\"><a href=\"https:\/\/www.educ-montessori.com\/index.php\/mathematiques-2\/\"><img loading=\"lazy\" decoding=\"async\" width=\"1024\" height=\"181\" src=\"http:\/\/www.educ-montessori.com\/wp-content\/uploads\/2024\/11\/banniere-site-2-1024x181.jpg\" alt=\"\" class=\"wp-image-198\" srcset=\"https:\/\/www.educ-montessori.com\/wp-content\/uploads\/2024\/11\/banniere-site-2-1024x181.jpg 1024w, https:\/\/www.educ-montessori.com\/wp-content\/uploads\/2024\/11\/banniere-site-2-300x53.jpg 300w, https:\/\/www.educ-montessori.com\/wp-content\/uploads\/2024\/11\/banniere-site-2-768x135.jpg 768w, https:\/\/www.educ-montessori.com\/wp-content\/uploads\/2024\/11\/banniere-site-2.jpg 1100w\" sizes=\"auto, (max-width: 1024px) 100vw, 1024px\" \/><\/a><\/figure>\n\n\n\n<h2 class=\"wp-block-heading\"><strong>Cartes \u00e0 pince CALCUL niveau 3<\/strong><\/h2>\n\n\n\n<p>Cartes \u00e0 pince de calcul <strong>niveau <\/strong>3 (r\u00e9sultat inf\u00e9rieures \u00e0 30) pour les<strong><a href=\"https:\/\/www.educ-montessori.com\/index.php\/parcours-de-mathematiques\/\"> parcours de math\u00e9matiques<\/a><\/strong> !<br>Parfaites pour s\u2019entra\u00eener \u00e0 effectuer des additions et des soustractions en autonomie !<\/p>\n\n\n\n<ul class=\"wp-block-list\">\n<li>Additions<\/li>\n\n\n\n<li>Additions \u00e0 trou<\/li>\n\n\n\n<li>Soustractions<\/li>\n<\/ul>\n\n\n\n<div class=\"wp-block-file\"><a id=\"wp-block-file--media-70eb3053-92ae-4d79-9b38-89e753ecc2f8\" href=\"http:\/\/www.educ-montessori.com\/wp-content\/uploads\/2024\/11\/cap-calculs-add-niveau-3-montessori_publique_cycle2.pdf\" target=\"_blank\" rel=\"noreferrer noopener\">cap calculs add niveau 3 montessori_publique_cycle2<\/a><\/div>\n\n\n\n<div class=\"wp-block-file\"><a id=\"wp-block-file--media-a0ca8731-7879-4922-9719-26e013be73df\" href=\"https:\/\/www.educ-montessori.com\/wp-content\/uploads\/2024\/12\/cap-calculs-soustractions-niveau-3-montessori_publique_cycle2.pdf\" target=\"_blank\" rel=\"noreferrer noopener\">cap calculs soustractions niveau 3 montessori_publique_cycle2<\/a><\/div>\n\n\n\n<div class=\"wp-block-buttons is-layout-flex wp-block-buttons-is-layout-flex\">\n<div class=\"wp-block-button has-custom-width wp-block-button__width-50\"><a class=\"wp-block-button__link wp-element-button\" href=\"http:\/\/www.educ-montessori.com\/wp-content\/uploads\/2024\/11\/cap-calculs-add-niveau-3-montessori_publique_cycle2.pdf\">+ pdf<\/a><\/div>\n\n\n\n<div class=\"wp-block-button has-custom-width wp-block-button__width-50\"><a class=\"wp-block-button__link has-vivid-red-background-color has-background wp-element-button\" href=\"https:\/\/www.educ-montessori.com\/wp-content\/uploads\/2024\/12\/cap-calculs-soustractions-niveau-3-montessori_publique_cycle2.pdf\">&#8211; pdf<\/a><\/div>\n<\/div>\n\n\n\n<figure class=\"wp-block-image size-large\"><img loading=\"lazy\" decoding=\"async\" width=\"1024\" height=\"724\" src=\"http:\/\/www.educ-montessori.com\/wp-content\/uploads\/2024\/11\/additions-1-1024x724.jpg\" alt=\"\" class=\"wp-image-767\" srcset=\"https:\/\/www.educ-montessori.com\/wp-content\/uploads\/2024\/11\/additions-1-1024x724.jpg 1024w, https:\/\/www.educ-montessori.com\/wp-content\/uploads\/2024\/11\/additions-1-300x212.jpg 300w, https:\/\/www.educ-montessori.com\/wp-content\/uploads\/2024\/11\/additions-1-768x543.jpg 768w, https:\/\/www.educ-montessori.com\/wp-content\/uploads\/2024\/11\/additions-1.jpg 1403w\" sizes=\"auto, (max-width: 1024px) 100vw, 1024px\" \/><\/figure>\n\n\n\n<figure class=\"wp-block-image size-large\"><a href=\"https:\/\/www.educ-montessori.com\/index.php\/mathematiques-2\/\"><img loading=\"lazy\" decoding=\"async\" width=\"1024\" height=\"181\" src=\"http:\/\/www.educ-montessori.com\/wp-content\/uploads\/2024\/11\/banniere-site-2-1024x181.jpg\" alt=\"\" class=\"wp-image-198\" srcset=\"https:\/\/www.educ-montessori.com\/wp-content\/uploads\/2024\/11\/banniere-site-2-1024x181.jpg 1024w, https:\/\/www.educ-montessori.com\/wp-content\/uploads\/2024\/11\/banniere-site-2-300x53.jpg 300w, https:\/\/www.educ-montessori.com\/wp-content\/uploads\/2024\/11\/banniere-site-2-768x135.jpg 768w, https:\/\/www.educ-montessori.com\/wp-content\/uploads\/2024\/11\/banniere-site-2.jpg 1100w\" sizes=\"auto, (max-width: 1024px) 100vw, 1024px\" \/><\/a><\/figure>\n\n\n\n<h2 class=\"wp-block-heading\">Diaporama \u00ab\u00a0Compl\u00e9ments \u00e0 10\u00a0\u00bb avec les perles Montessori<\/h2>\n\n\n\n<p>Diaporama pour travailler les <strong>compl\u00e9ments \u00e0 10<\/strong>, illustr\u00e9 avec les perles Montessori, pour aider les enfants \u00e0 m\u00e9moriser facilement tous les calculs qui donnent 10 gr\u00e2ce \u00e0 une approche visuelle.<\/p>\n\n\n\n<p>Cette ressource est \u00e0 t\u00e9l\u00e9charger gratuitement sur mon compte Ko-fi.<\/p>\n\n\n\n<div class=\"wp-block-buttons is-layout-flex wp-block-buttons-is-layout-flex\">\n<div class=\"wp-block-button has-custom-width wp-block-button__width-50\"><a class=\"wp-block-button__link wp-element-button\">Vid\u00e9o<\/a><\/div>\n\n\n\n<div class=\"wp-block-button has-custom-width wp-block-button__width-50\"><a class=\"wp-block-button__link has-vivid-red-background-color has-background wp-element-button\" href=\"https:\/\/ko-fi.com\/s\/ed63c5bc59\" target=\"_blank\" rel=\"noreferrer noopener\">pdf<\/a><\/div>\n<\/div>\n\n\n\n<figure class=\"wp-block-gallery has-nested-images columns-default is-cropped wp-block-gallery-2 is-layout-flex wp-block-gallery-is-layout-flex\">\n<figure class=\"wp-block-image size-large\"><img loading=\"lazy\" decoding=\"async\" width=\"1024\" height=\"576\" data-id=\"1417\" src=\"https:\/\/www.educ-montessori.com\/wp-content\/uploads\/2025\/04\/complement-a-10-1-1024x576.jpg\" alt=\"\" class=\"wp-image-1417\" srcset=\"https:\/\/www.educ-montessori.com\/wp-content\/uploads\/2025\/04\/complement-a-10-1-1024x576.jpg 1024w, https:\/\/www.educ-montessori.com\/wp-content\/uploads\/2025\/04\/complement-a-10-1-300x169.jpg 300w, https:\/\/www.educ-montessori.com\/wp-content\/uploads\/2025\/04\/complement-a-10-1-768x432.jpg 768w, https:\/\/www.educ-montessori.com\/wp-content\/uploads\/2025\/04\/complement-a-10-1-1536x864.jpg 1536w, https:\/\/www.educ-montessori.com\/wp-content\/uploads\/2025\/04\/complement-a-10-1-2048x1152.jpg 2048w\" sizes=\"auto, (max-width: 1024px) 100vw, 1024px\" \/><\/figure>\n\n\n\n<figure class=\"wp-block-image size-large\"><img loading=\"lazy\" decoding=\"async\" width=\"1024\" height=\"576\" data-id=\"1418\" src=\"https:\/\/www.educ-montessori.com\/wp-content\/uploads\/2025\/04\/complement-a-10_01-1024x576.jpg\" alt=\"\" class=\"wp-image-1418\" srcset=\"https:\/\/www.educ-montessori.com\/wp-content\/uploads\/2025\/04\/complement-a-10_01-1024x576.jpg 1024w, https:\/\/www.educ-montessori.com\/wp-content\/uploads\/2025\/04\/complement-a-10_01-300x169.jpg 300w, https:\/\/www.educ-montessori.com\/wp-content\/uploads\/2025\/04\/complement-a-10_01-768x432.jpg 768w, https:\/\/www.educ-montessori.com\/wp-content\/uploads\/2025\/04\/complement-a-10_01-1536x864.jpg 1536w, https:\/\/www.educ-montessori.com\/wp-content\/uploads\/2025\/04\/complement-a-10_01-2048x1152.jpg 2048w\" sizes=\"auto, (max-width: 1024px) 100vw, 1024px\" \/><\/figure>\n<\/figure>\n\n\n\n<figure class=\"wp-block-gallery has-nested-images columns-default is-cropped wp-block-gallery-3 is-layout-flex wp-block-gallery-is-layout-flex\">\n<figure class=\"wp-block-image size-large\"><img loading=\"lazy\" decoding=\"async\" width=\"1024\" height=\"576\" data-id=\"1421\" src=\"https:\/\/www.educ-montessori.com\/wp-content\/uploads\/2025\/04\/complement-a-10_05-1024x576.jpg\" alt=\"\" class=\"wp-image-1421\" srcset=\"https:\/\/www.educ-montessori.com\/wp-content\/uploads\/2025\/04\/complement-a-10_05-1024x576.jpg 1024w, https:\/\/www.educ-montessori.com\/wp-content\/uploads\/2025\/04\/complement-a-10_05-300x169.jpg 300w, https:\/\/www.educ-montessori.com\/wp-content\/uploads\/2025\/04\/complement-a-10_05-768x432.jpg 768w, https:\/\/www.educ-montessori.com\/wp-content\/uploads\/2025\/04\/complement-a-10_05-1536x864.jpg 1536w, https:\/\/www.educ-montessori.com\/wp-content\/uploads\/2025\/04\/complement-a-10_05-2048x1152.jpg 2048w\" sizes=\"auto, (max-width: 1024px) 100vw, 1024px\" \/><\/figure>\n\n\n\n<figure class=\"wp-block-image size-large\"><img loading=\"lazy\" decoding=\"async\" width=\"1024\" height=\"576\" data-id=\"1422\" src=\"https:\/\/www.educ-montessori.com\/wp-content\/uploads\/2025\/04\/complement-a-10_06-1024x576.jpg\" alt=\"\" class=\"wp-image-1422\" srcset=\"https:\/\/www.educ-montessori.com\/wp-content\/uploads\/2025\/04\/complement-a-10_06-1024x576.jpg 1024w, https:\/\/www.educ-montessori.com\/wp-content\/uploads\/2025\/04\/complement-a-10_06-300x169.jpg 300w, https:\/\/www.educ-montessori.com\/wp-content\/uploads\/2025\/04\/complement-a-10_06-768x432.jpg 768w, https:\/\/www.educ-montessori.com\/wp-content\/uploads\/2025\/04\/complement-a-10_06-1536x864.jpg 1536w, https:\/\/www.educ-montessori.com\/wp-content\/uploads\/2025\/04\/complement-a-10_06-2048x1152.jpg 2048w\" sizes=\"auto, (max-width: 1024px) 100vw, 1024px\" \/><\/figure>\n<\/figure>\n\n\n\n<figure class=\"wp-block-image size-large\"><a href=\"https:\/\/www.educ-montessori.com\/index.php\/mathematiques-2\/\"><img loading=\"lazy\" decoding=\"async\" width=\"1024\" height=\"181\" src=\"http:\/\/www.educ-montessori.com\/wp-content\/uploads\/2024\/11\/banniere-site-2-1024x181.jpg\" alt=\"\" class=\"wp-image-198\" srcset=\"https:\/\/www.educ-montessori.com\/wp-content\/uploads\/2024\/11\/banniere-site-2-1024x181.jpg 1024w, https:\/\/www.educ-montessori.com\/wp-content\/uploads\/2024\/11\/banniere-site-2-300x53.jpg 300w, https:\/\/www.educ-montessori.com\/wp-content\/uploads\/2024\/11\/banniere-site-2-768x135.jpg 768w, https:\/\/www.educ-montessori.com\/wp-content\/uploads\/2024\/11\/banniere-site-2.jpg 1100w\" sizes=\"auto, (max-width: 1024px) 100vw, 1024px\" \/><\/a><\/figure>\n\n\n\n<h2 class=\"wp-block-heading\">Diaporama \u00ab\u00a0Compl\u00e9ments \u00e0 100\u00a0\u00bb avec les cubes Lubienska<\/h2>\n\n\n\n<p>Un diaporama illustr\u00e9 pour travailler les <strong>compl\u00e9ments \u00e0 100<\/strong>. Les cubes Lubienska sont utilis\u00e9s comme soutien visuel pour accompagner l&rsquo;apprentissage.<br>Cette ressource est disponible en t\u00e9l\u00e9chargement gratuit sur mon compte Ko-fi.<\/p>\n\n\n\n<div class=\"wp-block-buttons is-layout-flex wp-block-buttons-is-layout-flex\">\n<div class=\"wp-block-button has-custom-width wp-block-button__width-50\"><a class=\"wp-block-button__link wp-element-button\">Vid\u00e9o<\/a><\/div>\n\n\n\n<div class=\"wp-block-button has-custom-width wp-block-button__width-50\"><a class=\"wp-block-button__link has-vivid-red-background-color has-background wp-element-button\" href=\"https:\/\/ko-fi.com\/s\/051372aa8d\" target=\"_blank\" rel=\"noreferrer noopener\">pdf<\/a><\/div>\n<\/div>\n\n\n\n<figure class=\"wp-block-gallery has-nested-images columns-default is-cropped wp-block-gallery-4 is-layout-flex wp-block-gallery-is-layout-flex\">\n<figure class=\"wp-block-image size-large\"><img loading=\"lazy\" decoding=\"async\" width=\"1024\" height=\"641\" data-id=\"1424\" src=\"https:\/\/www.educ-montessori.com\/wp-content\/uploads\/2025\/04\/complement-a-100-1024x641.jpg\" alt=\"\" class=\"wp-image-1424\" srcset=\"https:\/\/www.educ-montessori.com\/wp-content\/uploads\/2025\/04\/complement-a-100-1024x641.jpg 1024w, https:\/\/www.educ-montessori.com\/wp-content\/uploads\/2025\/04\/complement-a-100-300x188.jpg 300w, https:\/\/www.educ-montessori.com\/wp-content\/uploads\/2025\/04\/complement-a-100-768x481.jpg 768w, https:\/\/www.educ-montessori.com\/wp-content\/uploads\/2025\/04\/complement-a-100-1536x962.jpg 1536w, https:\/\/www.educ-montessori.com\/wp-content\/uploads\/2025\/04\/complement-a-100-2048x1282.jpg 2048w\" sizes=\"auto, (max-width: 1024px) 100vw, 1024px\" \/><\/figure>\n\n\n\n<figure class=\"wp-block-image size-large\"><img loading=\"lazy\" decoding=\"async\" width=\"1024\" height=\"641\" data-id=\"1423\" src=\"https:\/\/www.educ-montessori.com\/wp-content\/uploads\/2025\/04\/complement-a-100_01-1024x641.jpg\" alt=\"\" class=\"wp-image-1423\" srcset=\"https:\/\/www.educ-montessori.com\/wp-content\/uploads\/2025\/04\/complement-a-100_01-1024x641.jpg 1024w, https:\/\/www.educ-montessori.com\/wp-content\/uploads\/2025\/04\/complement-a-100_01-300x188.jpg 300w, https:\/\/www.educ-montessori.com\/wp-content\/uploads\/2025\/04\/complement-a-100_01-768x481.jpg 768w, https:\/\/www.educ-montessori.com\/wp-content\/uploads\/2025\/04\/complement-a-100_01-1536x962.jpg 1536w, https:\/\/www.educ-montessori.com\/wp-content\/uploads\/2025\/04\/complement-a-100_01-2048x1282.jpg 2048w\" sizes=\"auto, (max-width: 1024px) 100vw, 1024px\" \/><\/figure>\n<\/figure>\n\n\n\n<figure class=\"wp-block-gallery has-nested-images columns-default is-cropped wp-block-gallery-5 is-layout-flex wp-block-gallery-is-layout-flex\">\n<figure class=\"wp-block-image size-large\"><img loading=\"lazy\" decoding=\"async\" width=\"1024\" height=\"641\" data-id=\"1426\" src=\"https:\/\/www.educ-montessori.com\/wp-content\/uploads\/2025\/04\/complement-a-100_07-1024x641.jpg\" alt=\"\" class=\"wp-image-1426\" srcset=\"https:\/\/www.educ-montessori.com\/wp-content\/uploads\/2025\/04\/complement-a-100_07-1024x641.jpg 1024w, https:\/\/www.educ-montessori.com\/wp-content\/uploads\/2025\/04\/complement-a-100_07-300x188.jpg 300w, https:\/\/www.educ-montessori.com\/wp-content\/uploads\/2025\/04\/complement-a-100_07-768x481.jpg 768w, https:\/\/www.educ-montessori.com\/wp-content\/uploads\/2025\/04\/complement-a-100_07-1536x962.jpg 1536w, https:\/\/www.educ-montessori.com\/wp-content\/uploads\/2025\/04\/complement-a-100_07-2048x1282.jpg 2048w\" sizes=\"auto, (max-width: 1024px) 100vw, 1024px\" \/><\/figure>\n\n\n\n<figure class=\"wp-block-image size-large\"><img loading=\"lazy\" decoding=\"async\" width=\"1024\" height=\"641\" data-id=\"1425\" src=\"https:\/\/www.educ-montessori.com\/wp-content\/uploads\/2025\/04\/complement-a-100_08-1024x641.jpg\" alt=\"\" class=\"wp-image-1425\" srcset=\"https:\/\/www.educ-montessori.com\/wp-content\/uploads\/2025\/04\/complement-a-100_08-1024x641.jpg 1024w, https:\/\/www.educ-montessori.com\/wp-content\/uploads\/2025\/04\/complement-a-100_08-300x188.jpg 300w, https:\/\/www.educ-montessori.com\/wp-content\/uploads\/2025\/04\/complement-a-100_08-768x481.jpg 768w, https:\/\/www.educ-montessori.com\/wp-content\/uploads\/2025\/04\/complement-a-100_08-1536x962.jpg 1536w, https:\/\/www.educ-montessori.com\/wp-content\/uploads\/2025\/04\/complement-a-100_08-2048x1282.jpg 2048w\" sizes=\"auto, (max-width: 1024px) 100vw, 1024px\" \/><\/figure>\n<\/figure>\n\n\n\n<figure class=\"wp-block-image size-large\"><a href=\"https:\/\/www.educ-montessori.com\/index.php\/mathematiques-2\/\"><img loading=\"lazy\" decoding=\"async\" width=\"1024\" height=\"181\" src=\"http:\/\/www.educ-montessori.com\/wp-content\/uploads\/2024\/11\/banniere-site-2-1024x181.jpg\" alt=\"\" class=\"wp-image-198\" srcset=\"https:\/\/www.educ-montessori.com\/wp-content\/uploads\/2024\/11\/banniere-site-2-1024x181.jpg 1024w, https:\/\/www.educ-montessori.com\/wp-content\/uploads\/2024\/11\/banniere-site-2-300x53.jpg 300w, https:\/\/www.educ-montessori.com\/wp-content\/uploads\/2024\/11\/banniere-site-2-768x135.jpg 768w, https:\/\/www.educ-montessori.com\/wp-content\/uploads\/2024\/11\/banniere-site-2.jpg 1100w\" sizes=\"auto, (max-width: 1024px) 100vw, 1024px\" \/><\/a><\/figure>\n\n\n\n<p><\/p>\n","protected":false},"excerpt":{"rendered":"<p>Cartes \u00e0 pince CALCUL niveau 2 Cartes \u00e0 pince CALCUL niveau 3 Cartes \u00e0 pince de calcul niveau 3 (r\u00e9sultat inf\u00e9rieures \u00e0 30) pour les parcours de math\u00e9matiques !Parfaites pour s\u2019entra\u00eener \u00e0 effectuer des additions et des soustractions en autonomie ! Diaporama \u00ab\u00a0Compl\u00e9ments \u00e0 10\u00a0\u00bb avec les perles Montessori Diaporama pour travailler les compl\u00e9ments \u00e0 [&hellip;]<\/p>\n","protected":false},"author":2,"featured_media":0,"parent":0,"menu_order":0,"comment_status":"closed","ping_status":"closed","template":"","meta":{"_themeisle_gutenberg_block_has_review":false,"footnotes":""},"class_list":["post-698","page","type-page","status-publish","hentry"],"_links":{"self":[{"href":"https:\/\/www.educ-montessori.com\/index.php\/wp-json\/wp\/v2\/pages\/698","targetHints":{"allow":["GET"]}}],"collection":[{"href":"https:\/\/www.educ-montessori.com\/index.php\/wp-json\/wp\/v2\/pages"}],"about":[{"href":"https:\/\/www.educ-montessori.com\/index.php\/wp-json\/wp\/v2\/types\/page"}],"author":[{"embeddable":true,"href":"https:\/\/www.educ-montessori.com\/index.php\/wp-json\/wp\/v2\/users\/2"}],"replies":[{"embeddable":true,"href":"https:\/\/www.educ-montessori.com\/index.php\/wp-json\/wp\/v2\/comments?post=698"}],"version-history":[{"count":18,"href":"https:\/\/www.educ-montessori.com\/index.php\/wp-json\/wp\/v2\/pages\/698\/revisions"}],"predecessor-version":[{"id":2239,"href":"https:\/\/www.educ-montessori.com\/index.php\/wp-json\/wp\/v2\/pages\/698\/revisions\/2239"}],"wp:attachment":[{"href":"https:\/\/www.educ-montessori.com\/index.php\/wp-json\/wp\/v2\/media?parent=698"}],"curies":[{"name":"wp","href":"https:\/\/api.w.org\/{rel}","templated":true}]}}