{"id":1959,"date":"2025-08-17T09:25:02","date_gmt":"2025-08-17T07:25:02","guid":{"rendered":"http:\/\/www.educ-montessori.com\/?page_id=1959"},"modified":"2026-03-03T17:36:30","modified_gmt":"2026-03-03T16:36:30","slug":"tous-mes-articles","status":"publish","type":"page","link":"https:\/\/www.educ-montessori.com\/index.php\/tous-mes-articles\/","title":{"rendered":"Tous mes articles !"},"content":{"rendered":"\n<figure class=\"wp-block-image aligncenter size-large\"><img loading=\"lazy\" decoding=\"async\" width=\"1024\" height=\"89\" src=\"http:\/\/www.educ-montessori.com\/wp-content\/uploads\/2025\/07\/ban2-1024x89.png\" alt=\"\" class=\"wp-image-1814\" srcset=\"https:\/\/www.educ-montessori.com\/wp-content\/uploads\/2025\/07\/ban2-1024x89.png 1024w, https:\/\/www.educ-montessori.com\/wp-content\/uploads\/2025\/07\/ban2-300x26.png 300w, https:\/\/www.educ-montessori.com\/wp-content\/uploads\/2025\/07\/ban2-768x67.png 768w, https:\/\/www.educ-montessori.com\/wp-content\/uploads\/2025\/07\/ban2.png 1039w\" sizes=\"auto, (max-width: 1024px) 100vw, 1024px\" \/><\/figure>\n\n\n\n<div class=\"wp-block-media-text is-stacked-on-mobile\" style=\"grid-template-columns:40% auto\"><figure class=\"wp-block-media-text__media\"><img loading=\"lazy\" decoding=\"async\" width=\"1024\" height=\"726\" src=\"http:\/\/www.educ-montessori.com\/wp-content\/uploads\/2025\/08\/7-1024x726.jpg\" alt=\"\" class=\"wp-image-1961 size-full\" srcset=\"https:\/\/www.educ-montessori.com\/wp-content\/uploads\/2025\/08\/7-1024x726.jpg 1024w, https:\/\/www.educ-montessori.com\/wp-content\/uploads\/2025\/08\/7-300x213.jpg 300w, https:\/\/www.educ-montessori.com\/wp-content\/uploads\/2025\/08\/7-768x545.jpg 768w, https:\/\/www.educ-montessori.com\/wp-content\/uploads\/2025\/08\/7-1536x1090.jpg 1536w, https:\/\/www.educ-montessori.com\/wp-content\/uploads\/2025\/08\/7.jpg 1748w\" sizes=\"auto, (max-width: 1024px) 100vw, 1024px\" \/><\/figure><div class=\"wp-block-media-text__content\">\n<h2 class=\"wp-block-heading\"><a href=\"http:\/\/www.educ-montessori.com\/index.php\/2025\/08\/17\/se-former\/\" data-type=\"post\" data-id=\"2049\">SE FORMER :<br>Bibliographie et ressources th\u00e9oriques<\/a><\/h2>\n<\/div><\/div>\n\n\n\n<figure class=\"wp-block-image aligncenter size-large\"><img loading=\"lazy\" decoding=\"async\" width=\"1024\" height=\"89\" src=\"http:\/\/www.educ-montessori.com\/wp-content\/uploads\/2025\/07\/ban2-1024x89.png\" alt=\"\" class=\"wp-image-1814\" srcset=\"https:\/\/www.educ-montessori.com\/wp-content\/uploads\/2025\/07\/ban2-1024x89.png 1024w, https:\/\/www.educ-montessori.com\/wp-content\/uploads\/2025\/07\/ban2-300x26.png 300w, https:\/\/www.educ-montessori.com\/wp-content\/uploads\/2025\/07\/ban2-768x67.png 768w, https:\/\/www.educ-montessori.com\/wp-content\/uploads\/2025\/07\/ban2.png 1039w\" sizes=\"auto, (max-width: 1024px) 100vw, 1024px\" \/><\/figure>\n\n\n\n<div class=\"wp-block-media-text is-stacked-on-mobile\" style=\"grid-template-columns:40% auto\"><figure class=\"wp-block-media-text__media\"><img loading=\"lazy\" decoding=\"async\" width=\"1024\" height=\"726\" src=\"http:\/\/www.educ-montessori.com\/wp-content\/uploads\/2025\/08\/12-1024x726.jpg\" alt=\"\" class=\"wp-image-1968 size-full\" srcset=\"https:\/\/www.educ-montessori.com\/wp-content\/uploads\/2025\/08\/12-1024x726.jpg 1024w, https:\/\/www.educ-montessori.com\/wp-content\/uploads\/2025\/08\/12-300x213.jpg 300w, https:\/\/www.educ-montessori.com\/wp-content\/uploads\/2025\/08\/12-768x545.jpg 768w, https:\/\/www.educ-montessori.com\/wp-content\/uploads\/2025\/08\/12-1536x1090.jpg 1536w, https:\/\/www.educ-montessori.com\/wp-content\/uploads\/2025\/08\/12.jpg 1748w\" sizes=\"auto, (max-width: 1024px) 100vw, 1024px\" \/><\/figure><div class=\"wp-block-media-text__content\">\n<h2 class=\"wp-block-heading\"><a href=\"http:\/\/www.educ-montessori.com\/index.php\/2025\/08\/17\/les-fonctions-executives-2\/\" data-type=\"post\" data-id=\"2051\">LES FONCTIONS EX\u00c9CUTIVES : la cl\u00e9 de la r\u00e9ussite de nos \u00e9l\u00e8ves<\/a><\/h2>\n<\/div><\/div>\n\n\n\n<figure class=\"wp-block-image aligncenter size-large\"><img loading=\"lazy\" decoding=\"async\" width=\"1024\" height=\"89\" src=\"http:\/\/www.educ-montessori.com\/wp-content\/uploads\/2025\/07\/ban2-1024x89.png\" alt=\"\" class=\"wp-image-1814\" srcset=\"https:\/\/www.educ-montessori.com\/wp-content\/uploads\/2025\/07\/ban2-1024x89.png 1024w, https:\/\/www.educ-montessori.com\/wp-content\/uploads\/2025\/07\/ban2-300x26.png 300w, https:\/\/www.educ-montessori.com\/wp-content\/uploads\/2025\/07\/ban2-768x67.png 768w, https:\/\/www.educ-montessori.com\/wp-content\/uploads\/2025\/07\/ban2.png 1039w\" sizes=\"auto, (max-width: 1024px) 100vw, 1024px\" \/><\/figure>\n\n\n\n<div class=\"wp-block-media-text is-stacked-on-mobile\" style=\"grid-template-columns:40% auto\"><figure class=\"wp-block-media-text__media\"><img loading=\"lazy\" decoding=\"async\" width=\"1024\" height=\"726\" src=\"http:\/\/www.educ-montessori.com\/wp-content\/uploads\/2025\/08\/13-1024x726.jpg\" alt=\"\" class=\"wp-image-1962 size-full\" srcset=\"https:\/\/www.educ-montessori.com\/wp-content\/uploads\/2025\/08\/13-1024x726.jpg 1024w, https:\/\/www.educ-montessori.com\/wp-content\/uploads\/2025\/08\/13-300x213.jpg 300w, https:\/\/www.educ-montessori.com\/wp-content\/uploads\/2025\/08\/13-768x545.jpg 768w, https:\/\/www.educ-montessori.com\/wp-content\/uploads\/2025\/08\/13-1536x1090.jpg 1536w, https:\/\/www.educ-montessori.com\/wp-content\/uploads\/2025\/08\/13.jpg 1748w\" sizes=\"auto, (max-width: 1024px) 100vw, 1024px\" \/><\/figure><div class=\"wp-block-media-text__content\">\n<h2 class=\"wp-block-heading\"><a href=\"http:\/\/www.educ-montessori.com\/index.php\/2025\/08\/17\/transformer-sa-classe\/\" data-type=\"post\" data-id=\"2054\">TRANSFORMER SA CLASSE :<br>Guide \u00e9tape par \u00e9tape<\/a><\/h2>\n<\/div><\/div>\n\n\n\n<figure class=\"wp-block-image aligncenter size-large\"><img loading=\"lazy\" decoding=\"async\" width=\"1024\" height=\"89\" src=\"http:\/\/www.educ-montessori.com\/wp-content\/uploads\/2025\/07\/ban2-1024x89.png\" alt=\"\" class=\"wp-image-1814\" srcset=\"https:\/\/www.educ-montessori.com\/wp-content\/uploads\/2025\/07\/ban2-1024x89.png 1024w, https:\/\/www.educ-montessori.com\/wp-content\/uploads\/2025\/07\/ban2-300x26.png 300w, https:\/\/www.educ-montessori.com\/wp-content\/uploads\/2025\/07\/ban2-768x67.png 768w, https:\/\/www.educ-montessori.com\/wp-content\/uploads\/2025\/07\/ban2.png 1039w\" sizes=\"auto, (max-width: 1024px) 100vw, 1024px\" \/><\/figure>\n\n\n\n<div class=\"wp-block-media-text is-stacked-on-mobile\" style=\"grid-template-columns:40% auto\"><figure class=\"wp-block-media-text__media\"><img loading=\"lazy\" decoding=\"async\" width=\"1024\" height=\"726\" src=\"http:\/\/www.educ-montessori.com\/wp-content\/uploads\/2025\/08\/15-1024x726.jpg\" alt=\"\" class=\"wp-image-1963 size-full\" srcset=\"https:\/\/www.educ-montessori.com\/wp-content\/uploads\/2025\/08\/15-1024x726.jpg 1024w, https:\/\/www.educ-montessori.com\/wp-content\/uploads\/2025\/08\/15-300x213.jpg 300w, https:\/\/www.educ-montessori.com\/wp-content\/uploads\/2025\/08\/15-768x545.jpg 768w, https:\/\/www.educ-montessori.com\/wp-content\/uploads\/2025\/08\/15-1536x1090.jpg 1536w, https:\/\/www.educ-montessori.com\/wp-content\/uploads\/2025\/08\/15.jpg 1748w\" sizes=\"auto, (max-width: 1024px) 100vw, 1024px\" \/><\/figure><div class=\"wp-block-media-text__content\">\n<h2 class=\"wp-block-heading\"><a href=\"http:\/\/www.educ-montessori.com\/index.php\/2025\/08\/17\/langage-oral-et-ecrit\/\">LANGAGE ET PEDAGOGIE MONTESSORI<\/a><\/h2>\n\n\n\n<p class=\"has-medium-font-size\">\ud83d\udd35Lecture Montessori<br>\ud83d\udd35Grammaire Montessori<br>\ud83d\udd35Les gestes Borel-Maisonny<br>\ud83d\udd35Taoki : mes adaptations<\/p>\n<\/div><\/div>\n\n\n\n<figure class=\"wp-block-image aligncenter size-large\"><img loading=\"lazy\" decoding=\"async\" width=\"1024\" height=\"89\" src=\"http:\/\/www.educ-montessori.com\/wp-content\/uploads\/2025\/07\/ban2-1024x89.png\" alt=\"\" class=\"wp-image-1814\" srcset=\"https:\/\/www.educ-montessori.com\/wp-content\/uploads\/2025\/07\/ban2-1024x89.png 1024w, https:\/\/www.educ-montessori.com\/wp-content\/uploads\/2025\/07\/ban2-300x26.png 300w, https:\/\/www.educ-montessori.com\/wp-content\/uploads\/2025\/07\/ban2-768x67.png 768w, https:\/\/www.educ-montessori.com\/wp-content\/uploads\/2025\/07\/ban2.png 1039w\" sizes=\"auto, (max-width: 1024px) 100vw, 1024px\" \/><\/figure>\n\n\n\n<div class=\"wp-block-media-text is-stacked-on-mobile\" style=\"grid-template-columns:40% auto\"><figure class=\"wp-block-media-text__media\"><img loading=\"lazy\" decoding=\"async\" width=\"1024\" height=\"726\" src=\"http:\/\/www.educ-montessori.com\/wp-content\/uploads\/2025\/08\/19-1024x726.jpg\" alt=\"\" class=\"wp-image-1964 size-full\" srcset=\"https:\/\/www.educ-montessori.com\/wp-content\/uploads\/2025\/08\/19-1024x726.jpg 1024w, https:\/\/www.educ-montessori.com\/wp-content\/uploads\/2025\/08\/19-300x213.jpg 300w, https:\/\/www.educ-montessori.com\/wp-content\/uploads\/2025\/08\/19-768x545.jpg 768w, https:\/\/www.educ-montessori.com\/wp-content\/uploads\/2025\/08\/19-1536x1090.jpg 1536w, https:\/\/www.educ-montessori.com\/wp-content\/uploads\/2025\/08\/19.jpg 1748w\" sizes=\"auto, (max-width: 1024px) 100vw, 1024px\" \/><\/figure><div class=\"wp-block-media-text__content\">\n<h2 class=\"wp-block-heading\"><a href=\"http:\/\/www.educ-montessori.com\/index.php\/2025\/08\/17\/mathematiques-nombres-et-calcul\/\" data-type=\"post\" data-id=\"2058\">MATH\u00c9MATIQUES<br>Nombres et calculs<\/a><\/h2>\n<\/div><\/div>\n\n\n\n<figure class=\"wp-block-image aligncenter size-large\"><img loading=\"lazy\" decoding=\"async\" width=\"1024\" height=\"89\" src=\"http:\/\/www.educ-montessori.com\/wp-content\/uploads\/2025\/07\/ban2-1024x89.png\" alt=\"\" class=\"wp-image-1814\" srcset=\"https:\/\/www.educ-montessori.com\/wp-content\/uploads\/2025\/07\/ban2-1024x89.png 1024w, https:\/\/www.educ-montessori.com\/wp-content\/uploads\/2025\/07\/ban2-300x26.png 300w, https:\/\/www.educ-montessori.com\/wp-content\/uploads\/2025\/07\/ban2-768x67.png 768w, https:\/\/www.educ-montessori.com\/wp-content\/uploads\/2025\/07\/ban2.png 1039w\" sizes=\"auto, (max-width: 1024px) 100vw, 1024px\" \/><\/figure>\n\n\n\n<div class=\"wp-block-media-text is-stacked-on-mobile is-image-fill-element\" style=\"grid-template-columns:40% auto\"><figure class=\"wp-block-media-text__media\"><img loading=\"lazy\" decoding=\"async\" width=\"1024\" height=\"1024\" src=\"http:\/\/www.educ-montessori.com\/wp-content\/uploads\/2024\/12\/20220828_153815-1-1024x1024.jpg\" alt=\"\" class=\"wp-image-982 size-full\" style=\"object-position:28% 73%\" srcset=\"https:\/\/www.educ-montessori.com\/wp-content\/uploads\/2024\/12\/20220828_153815-1-1024x1024.jpg 1024w, https:\/\/www.educ-montessori.com\/wp-content\/uploads\/2024\/12\/20220828_153815-1-300x300.jpg 300w, https:\/\/www.educ-montessori.com\/wp-content\/uploads\/2024\/12\/20220828_153815-1-150x150.jpg 150w, https:\/\/www.educ-montessori.com\/wp-content\/uploads\/2024\/12\/20220828_153815-1-768x768.jpg 768w, https:\/\/www.educ-montessori.com\/wp-content\/uploads\/2024\/12\/20220828_153815-1-1536x1536.jpg 1536w, https:\/\/www.educ-montessori.com\/wp-content\/uploads\/2024\/12\/20220828_153815-1-2048x2048.jpg 2048w\" sizes=\"auto, (max-width: 1024px) 100vw, 1024px\" \/><\/figure><div class=\"wp-block-media-text__content\">\n<h2 class=\"wp-block-heading\"><a href=\"http:\/\/www.educ-montessori.com\/index.php\/2025\/08\/17\/diy-et-tutoriels\/\" data-type=\"post\" data-id=\"2061\">DIY et TUTORIELS<\/a><\/h2>\n<\/div><\/div>\n\n\n\n<figure class=\"wp-block-gallery has-nested-images columns-default is-cropped wp-block-gallery-1 is-layout-flex wp-block-gallery-is-layout-flex\">\n<figure class=\"wp-block-image aligncenter size-large\"><a href=\"https:\/\/www.educ-montessori.com\/\"><img loading=\"lazy\" decoding=\"async\" width=\"1024\" height=\"373\" data-id=\"32\" src=\"http:\/\/www.educ-montessori.com\/wp-content\/uploads\/2024\/11\/cropped-banniere-2-2-1024x373.jpg\" alt=\"\" class=\"wp-image-32\" srcset=\"https:\/\/www.educ-montessori.com\/wp-content\/uploads\/2024\/11\/cropped-banniere-2-2-1024x373.jpg 1024w, https:\/\/www.educ-montessori.com\/wp-content\/uploads\/2024\/11\/cropped-banniere-2-2-300x109.jpg 300w, https:\/\/www.educ-montessori.com\/wp-content\/uploads\/2024\/11\/cropped-banniere-2-2-768x280.jpg 768w, https:\/\/www.educ-montessori.com\/wp-content\/uploads\/2024\/11\/cropped-banniere-2-2-1536x560.jpg 1536w, https:\/\/www.educ-montessori.com\/wp-content\/uploads\/2024\/11\/cropped-banniere-2-2.jpg 1920w\" sizes=\"auto, (max-width: 1024px) 100vw, 1024px\" \/><\/a><\/figure>\n<\/figure>\n\n\n\n<p><\/p>\n","protected":false},"excerpt":{"rendered":"<p>SE FORMER :Bibliographie et ressources th\u00e9oriques LES FONCTIONS EX\u00c9CUTIVES : la cl\u00e9 de la r\u00e9ussite de nos \u00e9l\u00e8ves TRANSFORMER SA CLASSE :Guide \u00e9tape par \u00e9tape LANGAGE ET PEDAGOGIE MONTESSORI \ud83d\udd35Lecture Montessori\ud83d\udd35Grammaire Montessori\ud83d\udd35Les gestes Borel-Maisonny\ud83d\udd35Taoki : mes adaptations MATH\u00c9MATIQUESNombres et calculs DIY et TUTORIELS<\/p>\n","protected":false},"author":2,"featured_media":0,"parent":0,"menu_order":0,"comment_status":"closed","ping_status":"closed","template":"","meta":{"_themeisle_gutenberg_block_has_review":false,"footnotes":""},"class_list":["post-1959","page","type-page","status-publish","hentry"],"_links":{"self":[{"href":"https:\/\/www.educ-montessori.com\/index.php\/wp-json\/wp\/v2\/pages\/1959","targetHints":{"allow":["GET"]}}],"collection":[{"href":"https:\/\/www.educ-montessori.com\/index.php\/wp-json\/wp\/v2\/pages"}],"about":[{"href":"https:\/\/www.educ-montessori.com\/index.php\/wp-json\/wp\/v2\/types\/page"}],"author":[{"embeddable":true,"href":"https:\/\/www.educ-montessori.com\/index.php\/wp-json\/wp\/v2\/users\/2"}],"replies":[{"embeddable":true,"href":"https:\/\/www.educ-montessori.com\/index.php\/wp-json\/wp\/v2\/comments?post=1959"}],"version-history":[{"count":25,"href":"https:\/\/www.educ-montessori.com\/index.php\/wp-json\/wp\/v2\/pages\/1959\/revisions"}],"predecessor-version":[{"id":2519,"href":"https:\/\/www.educ-montessori.com\/index.php\/wp-json\/wp\/v2\/pages\/1959\/revisions\/2519"}],"wp:attachment":[{"href":"https:\/\/www.educ-montessori.com\/index.php\/wp-json\/wp\/v2\/media?parent=1959"}],"curies":[{"name":"wp","href":"https:\/\/api.w.org\/{rel}","templated":true}]}}